{"id":6595,"date":"2024-09-29T18:17:03","date_gmt":"2024-09-29T18:17:03","guid":{"rendered":"http:\/\/localcalotas.local\/?post_type=product&#038;p=6595"},"modified":"2026-02-18T19:48:06","modified_gmt":"2026-02-18T19:48:06","slug":"sweat-jaquimleonels","status":"publish","type":"product","link":"https:\/\/ticalotas.pt\/?product=sweat-jaquimleonels","title":{"rendered":"Sweat &#8211; JAQUIM LEONEL`S"},"content":{"rendered":"<p>&nbsp;<\/p>\n<ul>\n<li>90% algod\u00e3o org\u00e2nico fiado e penteado, 10% elastano (punhos e gola)<\/li>\n<li>Pel\u00facia pendurada e tecido lavado<\/li>\n<li>290 gr\/ <sup>m2<\/sup><\/li>\n<li>Manga justa<\/li>\n<li>Gola canelada 1&#215;1, punho da manga e bainha inferior. Fita interna no pesco\u00e7o em espinha de peixe.<\/li>\n<li>Meia lua de tecido pr\u00f3prio na nuca<\/li>\n<li>Costure com uma agulha no pesco\u00e7o<\/li>\n<li>Ponto central com 2 agulhas na bainha, punho e cava<\/li>\n<li><img decoding=\"async\" class=\"alignnone wp-image-9193\" src=\"http:\/\/localcalotas.local\/wp-content\/uploads\/2024\/09\/degrees-400x400.png\" alt=\"\" width=\"30\" height=\"30\" srcset=\"https:\/\/ticalotas.pt\/wp-content\/uploads\/2024\/09\/degrees-400x400.png 400w, https:\/\/ticalotas.pt\/wp-content\/uploads\/2024\/09\/degrees-280x280.png 280w, https:\/\/ticalotas.pt\/wp-content\/uploads\/2024\/09\/degrees-100x100.png 100w, https:\/\/ticalotas.pt\/wp-content\/uploads\/2024\/09\/degrees.png 512w\" sizes=\"(max-width: 30px) 100vw, 30px\" \/> Lavar a 30\u00ba<img decoding=\"async\" class=\"alignnone wp-image-9194\" src=\"http:\/\/localcalotas.local\/wp-content\/uploads\/2024\/09\/not-bleach-400x400.png\" alt=\"\" width=\"30\" height=\"30\" srcset=\"https:\/\/ticalotas.pt\/wp-content\/uploads\/2024\/09\/not-bleach-400x400.png 400w, https:\/\/ticalotas.pt\/wp-content\/uploads\/2024\/09\/not-bleach-280x280.png 280w, https:\/\/ticalotas.pt\/wp-content\/uploads\/2024\/09\/not-bleach-100x100.png 100w, https:\/\/ticalotas.pt\/wp-content\/uploads\/2024\/09\/not-bleach.png 512w\" sizes=\"(max-width: 30px) 100vw, 30px\" \/> N\u00e3o usar lixivia\u00a0<img decoding=\"async\" class=\"alignnone wp-image-9195\" src=\"http:\/\/localcalotas.local\/wp-content\/uploads\/2024\/09\/do-not-tumble-dry-400x400.png\" alt=\"\" width=\"30\" height=\"30\" srcset=\"https:\/\/ticalotas.pt\/wp-content\/uploads\/2024\/09\/do-not-tumble-dry-400x400.png 400w, https:\/\/ticalotas.pt\/wp-content\/uploads\/2024\/09\/do-not-tumble-dry-280x280.png 280w, https:\/\/ticalotas.pt\/wp-content\/uploads\/2024\/09\/do-not-tumble-dry-100x100.png 100w, https:\/\/ticalotas.pt\/wp-content\/uploads\/2024\/09\/do-not-tumble-dry.png 512w\" sizes=\"(max-width: 30px) 100vw, 30px\" \/> N\u00e3o usar maquina de secar<\/li>\n<li><img loading=\"lazy\" decoding=\"async\" class=\"alignleft\" title=\"UM MUNDO MELHOR\" src=\"https:\/\/www.nikisgalicia.com\/fotos\/logos\/umm.png\" alt=\"UM MUNDO MELHOR\" width=\"40\" height=\"40\" \/><img loading=\"lazy\" decoding=\"async\" class=\"alignleft\" title=\"GOTS - Padr\u00e3o Global T\u00eaxtil Org\u00e2nico\" src=\"https:\/\/www.nikisgalicia.com\/fotos\/logos\/gots.png\" alt=\"GOTS - Padr\u00e3o Global T\u00eaxtil Org\u00e2nico\" width=\"47\" height=\"47\" \/><img loading=\"lazy\" decoding=\"async\" class=\"alignleft\" title=\"Vegano aprovado pela PETA\" src=\"https:\/\/www.nikisgalicia.com\/fotos\/logos\/peta.png\" alt=\"Vegano aprovado pela PETA\" width=\"46\" height=\"46\" \/><\/li>\n<\/ul>\n","protected":false},"excerpt":{"rendered":"<ul>\n<li>90% algod\u00e3o org\u00e2nico fiado e penteado, 10% elastano (punhos e gola)<\/li>\n<li>Pel\u00facia pendurada e tecido lavado<\/li>\n<li>290 gr\/ <sup>m2<\/sup><\/li>\n<li>Manga justa<\/li>\n<li>Gola canelada 1&#215;1, punho da manga e bainha inferior. Fita interna no pesco\u00e7o em espinha de peixe.<\/li>\n<li>Meia lua de tecido pr\u00f3prio na nuca<\/li>\n<li>Costure com uma agulha no pesco\u00e7o<\/li>\n<li>Ponto central com 2 agulhas na bainha, punho e cava<\/li>\n<li><img decoding=\"async\" class=\"alignnone wp-image-9193\" src=\"http:\/\/localcalotas.local\/wp-content\/uploads\/2024\/09\/degrees-400x400.png\" alt=\"\" width=\"30\" height=\"30\" srcset=\"https:\/\/ticalotas.pt\/wp-content\/uploads\/2024\/09\/degrees-400x400.png 400w, https:\/\/ticalotas.pt\/wp-content\/uploads\/2024\/09\/degrees-280x280.png 280w, https:\/\/ticalotas.pt\/wp-content\/uploads\/2024\/09\/degrees-100x100.png 100w, https:\/\/ticalotas.pt\/wp-content\/uploads\/2024\/09\/degrees.png 512w\" sizes=\"(max-width: 30px) 100vw, 30px\" \/> Lavar a 30\u00ba<img decoding=\"async\" class=\"alignnone wp-image-9194\" src=\"http:\/\/localcalotas.local\/wp-content\/uploads\/2024\/09\/not-bleach-400x400.png\" alt=\"\" width=\"30\" height=\"30\" srcset=\"https:\/\/ticalotas.pt\/wp-content\/uploads\/2024\/09\/not-bleach-400x400.png 400w, https:\/\/ticalotas.pt\/wp-content\/uploads\/2024\/09\/not-bleach-280x280.png 280w, https:\/\/ticalotas.pt\/wp-content\/uploads\/2024\/09\/not-bleach-100x100.png 100w, https:\/\/ticalotas.pt\/wp-content\/uploads\/2024\/09\/not-bleach.png 512w\" sizes=\"(max-width: 30px) 100vw, 30px\" \/> N\u00e3o usar lixivia\u00a0<img decoding=\"async\" class=\"alignnone wp-image-9195\" src=\"http:\/\/localcalotas.local\/wp-content\/uploads\/2024\/09\/do-not-tumble-dry-400x400.png\" alt=\"\" width=\"30\" height=\"30\" srcset=\"https:\/\/ticalotas.pt\/wp-content\/uploads\/2024\/09\/do-not-tumble-dry-400x400.png 400w, https:\/\/ticalotas.pt\/wp-content\/uploads\/2024\/09\/do-not-tumble-dry-280x280.png 280w, https:\/\/ticalotas.pt\/wp-content\/uploads\/2024\/09\/do-not-tumble-dry-100x100.png 100w, https:\/\/ticalotas.pt\/wp-content\/uploads\/2024\/09\/do-not-tumble-dry.png 512w\" sizes=\"(max-width: 30px) 100vw, 30px\" \/> N\u00e3o usar maquina de secar<\/li>\n<li><img loading=\"lazy\" decoding=\"async\" class=\"alignleft\" title=\"UM MUNDO MELHOR\" src=\"https:\/\/www.nikisgalicia.com\/fotos\/logos\/umm.png\" alt=\"UM MUNDO MELHOR\" width=\"40\" height=\"40\" \/><img loading=\"lazy\" decoding=\"async\" class=\"alignleft\" title=\"GOTS - Padr\u00e3o Global T\u00eaxtil Org\u00e2nico\" src=\"https:\/\/www.nikisgalicia.com\/fotos\/logos\/gots.png\" alt=\"GOTS - Padr\u00e3o Global T\u00eaxtil Org\u00e2nico\" width=\"47\" height=\"47\" \/><img loading=\"lazy\" decoding=\"async\" class=\"alignleft\" title=\"Vegano aprovado pela PETA\" src=\"https:\/\/www.nikisgalicia.com\/fotos\/logos\/peta.png\" alt=\"Vegano aprovado pela PETA\" width=\"46\" height=\"46\" \/><\/li>\n<\/ul>\n","protected":false},"featured_media":9179,"comment_status":"open","ping_status":"closed","template":"","meta":{"googlesitekit_rrm_CAowwe67DA:productID":"","site-sidebar-layout":"default","site-content-layout":"","ast-site-content-layout":"default","site-content-style":"default","site-sidebar-style":"default","ast-global-header-display":"","ast-banner-title-visibility":"","ast-main-header-display":"","ast-hfb-above-header-display":"","ast-hfb-below-header-display":"","ast-hfb-mobile-header-display":"","site-post-title":"","ast-breadcrumbs-content":"","ast-featured-img":"","footer-sml-layout":"","ast-disable-related-posts":"","theme-transparent-header-meta":"default","adv-header-id-meta":"","stick-header-meta":"","header-above-stick-meta":"","header-main-stick-meta":"","header-below-stick-meta":"","astra-migrate-meta-layouts":"set","ast-page-background-enabled":"default","ast-page-background-meta":{"desktop":{"background-color":"","background-image":"","background-repeat":"repeat","background-position":"center center","background-size":"auto","background-attachment":"scroll","background-type":"","background-media":"","overlay-type":"","overlay-color":"","overlay-opacity":"","overlay-gradient":""},"tablet":{"background-color":"","background-image":"","background-repeat":"repeat","background-position":"center center","background-size":"auto","background-attachment":"scroll","background-type":"","background-media":"","overlay-type":"","overlay-color":"","overlay-opacity":"","overlay-gradient":""},"mobile":{"background-color":"","background-image":"","background-repeat":"repeat","background-position":"center center","background-size":"auto","background-attachment":"scroll","background-type":"","background-media":"","overlay-type":"","overlay-color":"","overlay-opacity":"","overlay-gradient":""}},"ast-content-background-meta":{"desktop":{"background-color":"var(--ast-global-color-5)","background-image":"","background-repeat":"repeat","background-position":"center center","background-size":"auto","background-attachment":"scroll","background-type":"","background-media":"","overlay-type":"","overlay-color":"","overlay-opacity":"","overlay-gradient":""},"tablet":{"background-color":"var(--ast-global-color-5)","background-image":"","background-repeat":"repeat","background-position":"center center","background-size":"auto","background-attachment":"scroll","background-type":"","background-media":"","overlay-type":"","overlay-color":"","overlay-opacity":"","overlay-gradient":""},"mobile":{"background-color":"var(--ast-global-color-5)","background-image":"","background-repeat":"repeat","background-position":"center center","background-size":"auto","background-attachment":"scroll","background-type":"","background-media":"","overlay-type":"","overlay-color":"","overlay-opacity":"","overlay-gradient":""}},"jetpack_publicize_message":"","jetpack_publicize_feature_enabled":true,"jetpack_social_post_already_shared":false,"jetpack_social_options":{"image_generator_settings":{"template":"highway","default_image_id":0,"font":"","enabled":false},"version":2}},"product_brand":[],"product_cat":[49],"product_tag":[32],"class_list":{"0":"post-6595","1":"product","2":"type-product","3":"status-publish","4":"has-post-thumbnail","6":"product_cat-sweat","7":"product_tag-novo","8":"pa_tamanho-l","9":"pa_tamanho-xl","10":"desktop-align-left","11":"tablet-align-left","12":"mobile-align-left","14":"first","15":"instock","16":"taxable","17":"shipping-taxable","18":"purchasable","19":"product-type-variable"},"yoast_head":"<!-- This site is optimized with the Yoast SEO plugin v27.3 - https:\/\/yoast.com\/product\/yoast-seo-wordpress\/ -->\n<title>Sweat - JAQUIM LEONEL`S - Ti Calotas-Algarve Style<\/title>\n<meta name=\"robots\" content=\"index, follow, max-snippet:-1, max-image-preview:large, max-video-preview:-1\" \/>\n<link rel=\"canonical\" href=\"https:\/\/ticalotas.pt\/?product=sweat-jaquimleonels\" \/>\n<meta property=\"og:locale\" content=\"pt_PT\" \/>\n<meta property=\"og:type\" content=\"article\" \/>\n<meta property=\"og:title\" content=\"Sweat - JAQUIM LEONEL`S - Ti Calotas-Algarve Style\" \/>\n<meta property=\"og:description\" content=\"90% algod\u00e3o org\u00e2nico fiado e penteado, 10% elastano (punhos e gola)  Pel\u00facia pendurada e tecido lavado  290 gr\/ m2  Manga justa  Gola canelada 1x1, punho da manga e bainha inferior. Fita interna no pesco\u00e7o em espinha de peixe.  Meia lua de tecido pr\u00f3prio na nuca  Costure com uma agulha no pesco\u00e7o  Ponto central com 2 agulhas na bainha, punho e cava   Lavar a 30\u00ba N\u00e3o usar lixivia\u00a0 N\u00e3o usar maquina de secar\" \/>\n<meta property=\"og:url\" content=\"https:\/\/ticalotas.pt\/?product=sweat-jaquimleonels\" \/>\n<meta property=\"og:site_name\" content=\"Ti Calotas-Algarve Style\" \/>\n<meta property=\"article:publisher\" content=\"https:\/\/www.facebook.com\/profile.php?id=61558178113987\" \/>\n<meta property=\"article:modified_time\" content=\"2026-02-18T19:48:06+00:00\" \/>\n<meta property=\"og:image\" content=\"https:\/\/ticalotas.pt\/wp-content\/uploads\/2024\/09\/men-swt-0030-9.jpg\" \/>\n\t<meta property=\"og:image:width\" content=\"800\" \/>\n\t<meta property=\"og:image:height\" content=\"1000\" \/>\n\t<meta property=\"og:image:type\" content=\"image\/jpeg\" \/>\n<meta name=\"twitter:card\" content=\"summary_large_image\" \/>\n<meta name=\"twitter:label1\" content=\"Tempo estimado de leitura\" \/>\n\t<meta name=\"twitter:data1\" content=\"2 minutos\" \/>\n<script type=\"application\/ld+json\" class=\"yoast-schema-graph\">{\"@context\":\"https:\\\/\\\/schema.org\",\"@graph\":[{\"@type\":\"WebPage\",\"@id\":\"https:\\\/\\\/ticalotas.pt\\\/?product=sweat-jaquimleonels\",\"url\":\"https:\\\/\\\/ticalotas.pt\\\/?product=sweat-jaquimleonels\",\"name\":\"Sweat - JAQUIM LEONEL`S - Ti Calotas-Algarve Style\",\"isPartOf\":{\"@id\":\"https:\\\/\\\/ticalotas.pt\\\/#website\"},\"primaryImageOfPage\":{\"@id\":\"https:\\\/\\\/ticalotas.pt\\\/?product=sweat-jaquimleonels#primaryimage\"},\"image\":{\"@id\":\"https:\\\/\\\/ticalotas.pt\\\/?product=sweat-jaquimleonels#primaryimage\"},\"thumbnailUrl\":\"https:\\\/\\\/ticalotas.pt\\\/wp-content\\\/uploads\\\/2024\\\/09\\\/men-swt-0030-9.jpg\",\"datePublished\":\"2024-09-29T18:17:03+00:00\",\"dateModified\":\"2026-02-18T19:48:06+00:00\",\"breadcrumb\":{\"@id\":\"https:\\\/\\\/ticalotas.pt\\\/?product=sweat-jaquimleonels#breadcrumb\"},\"inLanguage\":\"pt-PT\",\"potentialAction\":[{\"@type\":\"ReadAction\",\"target\":[\"https:\\\/\\\/ticalotas.pt\\\/?product=sweat-jaquimleonels\"]}]},{\"@type\":\"ImageObject\",\"inLanguage\":\"pt-PT\",\"@id\":\"https:\\\/\\\/ticalotas.pt\\\/?product=sweat-jaquimleonels#primaryimage\",\"url\":\"https:\\\/\\\/ticalotas.pt\\\/wp-content\\\/uploads\\\/2024\\\/09\\\/men-swt-0030-9.jpg\",\"contentUrl\":\"https:\\\/\\\/ticalotas.pt\\\/wp-content\\\/uploads\\\/2024\\\/09\\\/men-swt-0030-9.jpg\",\"width\":800,\"height\":1000},{\"@type\":\"BreadcrumbList\",\"@id\":\"https:\\\/\\\/ticalotas.pt\\\/?product=sweat-jaquimleonels#breadcrumb\",\"itemListElement\":[{\"@type\":\"ListItem\",\"position\":1,\"name\":\"In\u00edcio\",\"item\":\"https:\\\/\\\/ticalotas.pt\\\/\"},{\"@type\":\"ListItem\",\"position\":2,\"name\":\"Loja\",\"item\":\"https:\\\/\\\/ticalotas.pt\\\/?page_id=2053\"},{\"@type\":\"ListItem\",\"position\":3,\"name\":\"Sweat &#8211; JAQUIM LEONEL`S\"}]},{\"@type\":\"WebSite\",\"@id\":\"https:\\\/\\\/ticalotas.pt\\\/#website\",\"url\":\"https:\\\/\\\/ticalotas.pt\\\/\",\"name\":\"Ti Calotas-Algarve Style\",\"description\":\"T-shirts com express\u00f5es t\u00edpicas do Algarve, trocadilhos e frases divertidas.  Sweatshirts confort\u00e1veis com designs originais ligados \u00e0 cultura algarvia. Canecas com ilustra\u00e7\u00f5es e frases que celebram o esp\u00edrito do sul. Bon\u00e9s estilosos com mensagens humor\u00edsticas ou express\u00f5es locais.  Posters e ilustra\u00e7\u00f5es inspirados na vida e tradi\u00e7\u00f5es do Algarve.\",\"publisher\":{\"@id\":\"https:\\\/\\\/ticalotas.pt\\\/#organization\"},\"potentialAction\":[{\"@type\":\"SearchAction\",\"target\":{\"@type\":\"EntryPoint\",\"urlTemplate\":\"https:\\\/\\\/ticalotas.pt\\\/?s={search_term_string}\"},\"query-input\":{\"@type\":\"PropertyValueSpecification\",\"valueRequired\":true,\"valueName\":\"search_term_string\"}}],\"inLanguage\":\"pt-PT\"},{\"@type\":\"Organization\",\"@id\":\"https:\\\/\\\/ticalotas.pt\\\/#organization\",\"name\":\"Ti Calotas-Algarve Style\",\"url\":\"https:\\\/\\\/ticalotas.pt\\\/\",\"logo\":{\"@type\":\"ImageObject\",\"inLanguage\":\"pt-PT\",\"@id\":\"https:\\\/\\\/ticalotas.pt\\\/#\\\/schema\\\/logo\\\/image\\\/\",\"url\":\"https:\\\/\\\/ticalotas.pt\\\/wp-content\\\/uploads\\\/2026\\\/02\\\/ti\u00b4calotas-2.png\",\"contentUrl\":\"https:\\\/\\\/ticalotas.pt\\\/wp-content\\\/uploads\\\/2026\\\/02\\\/ti\u00b4calotas-2.png\",\"width\":1000,\"height\":1000,\"caption\":\"Ti Calotas-Algarve Style\"},\"image\":{\"@id\":\"https:\\\/\\\/ticalotas.pt\\\/#\\\/schema\\\/logo\\\/image\\\/\"},\"sameAs\":[\"https:\\\/\\\/www.facebook.com\\\/profile.php?id=61558178113987\",\"https:\\\/\\\/www.instagram.com\\\/ticalotas2024\"]}]}<\/script>\n<!-- \/ Yoast SEO plugin. -->","yoast_head_json":{"title":"Sweat - JAQUIM LEONEL`S - Ti Calotas-Algarve Style","robots":{"index":"index","follow":"follow","max-snippet":"max-snippet:-1","max-image-preview":"max-image-preview:large","max-video-preview":"max-video-preview:-1"},"canonical":"https:\/\/ticalotas.pt\/?product=sweat-jaquimleonels","og_locale":"pt_PT","og_type":"article","og_title":"Sweat - JAQUIM LEONEL`S - Ti Calotas-Algarve Style","og_description":"90% algod\u00e3o org\u00e2nico fiado e penteado, 10% elastano (punhos e gola)  Pel\u00facia pendurada e tecido lavado  290 gr\/ m2  Manga justa  Gola canelada 1x1, punho da manga e bainha inferior. Fita interna no pesco\u00e7o em espinha de peixe.  Meia lua de tecido pr\u00f3prio na nuca  Costure com uma agulha no pesco\u00e7o  Ponto central com 2 agulhas na bainha, punho e cava   Lavar a 30\u00ba N\u00e3o usar lixivia\u00a0 N\u00e3o usar maquina de secar","og_url":"https:\/\/ticalotas.pt\/?product=sweat-jaquimleonels","og_site_name":"Ti Calotas-Algarve Style","article_publisher":"https:\/\/www.facebook.com\/profile.php?id=61558178113987","article_modified_time":"2026-02-18T19:48:06+00:00","og_image":[{"width":800,"height":1000,"url":"https:\/\/ticalotas.pt\/wp-content\/uploads\/2024\/09\/men-swt-0030-9.jpg","type":"image\/jpeg"}],"twitter_card":"summary_large_image","twitter_misc":{"Tempo estimado de leitura":"2 minutos"},"schema":{"@context":"https:\/\/schema.org","@graph":[{"@type":"WebPage","@id":"https:\/\/ticalotas.pt\/?product=sweat-jaquimleonels","url":"https:\/\/ticalotas.pt\/?product=sweat-jaquimleonels","name":"Sweat - JAQUIM LEONEL`S - Ti Calotas-Algarve Style","isPartOf":{"@id":"https:\/\/ticalotas.pt\/#website"},"primaryImageOfPage":{"@id":"https:\/\/ticalotas.pt\/?product=sweat-jaquimleonels#primaryimage"},"image":{"@id":"https:\/\/ticalotas.pt\/?product=sweat-jaquimleonels#primaryimage"},"thumbnailUrl":"https:\/\/ticalotas.pt\/wp-content\/uploads\/2024\/09\/men-swt-0030-9.jpg","datePublished":"2024-09-29T18:17:03+00:00","dateModified":"2026-02-18T19:48:06+00:00","breadcrumb":{"@id":"https:\/\/ticalotas.pt\/?product=sweat-jaquimleonels#breadcrumb"},"inLanguage":"pt-PT","potentialAction":[{"@type":"ReadAction","target":["https:\/\/ticalotas.pt\/?product=sweat-jaquimleonels"]}]},{"@type":"ImageObject","inLanguage":"pt-PT","@id":"https:\/\/ticalotas.pt\/?product=sweat-jaquimleonels#primaryimage","url":"https:\/\/ticalotas.pt\/wp-content\/uploads\/2024\/09\/men-swt-0030-9.jpg","contentUrl":"https:\/\/ticalotas.pt\/wp-content\/uploads\/2024\/09\/men-swt-0030-9.jpg","width":800,"height":1000},{"@type":"BreadcrumbList","@id":"https:\/\/ticalotas.pt\/?product=sweat-jaquimleonels#breadcrumb","itemListElement":[{"@type":"ListItem","position":1,"name":"In\u00edcio","item":"https:\/\/ticalotas.pt\/"},{"@type":"ListItem","position":2,"name":"Loja","item":"https:\/\/ticalotas.pt\/?page_id=2053"},{"@type":"ListItem","position":3,"name":"Sweat &#8211; JAQUIM LEONEL`S"}]},{"@type":"WebSite","@id":"https:\/\/ticalotas.pt\/#website","url":"https:\/\/ticalotas.pt\/","name":"Ti Calotas-Algarve Style","description":"T-shirts com express\u00f5es t\u00edpicas do Algarve, trocadilhos e frases divertidas.  Sweatshirts confort\u00e1veis com designs originais ligados \u00e0 cultura algarvia. Canecas com ilustra\u00e7\u00f5es e frases que celebram o esp\u00edrito do sul. Bon\u00e9s estilosos com mensagens humor\u00edsticas ou express\u00f5es locais.  Posters e ilustra\u00e7\u00f5es inspirados na vida e tradi\u00e7\u00f5es do Algarve.","publisher":{"@id":"https:\/\/ticalotas.pt\/#organization"},"potentialAction":[{"@type":"SearchAction","target":{"@type":"EntryPoint","urlTemplate":"https:\/\/ticalotas.pt\/?s={search_term_string}"},"query-input":{"@type":"PropertyValueSpecification","valueRequired":true,"valueName":"search_term_string"}}],"inLanguage":"pt-PT"},{"@type":"Organization","@id":"https:\/\/ticalotas.pt\/#organization","name":"Ti Calotas-Algarve Style","url":"https:\/\/ticalotas.pt\/","logo":{"@type":"ImageObject","inLanguage":"pt-PT","@id":"https:\/\/ticalotas.pt\/#\/schema\/logo\/image\/","url":"https:\/\/ticalotas.pt\/wp-content\/uploads\/2026\/02\/ti\u00b4calotas-2.png","contentUrl":"https:\/\/ticalotas.pt\/wp-content\/uploads\/2026\/02\/ti\u00b4calotas-2.png","width":1000,"height":1000,"caption":"Ti Calotas-Algarve Style"},"image":{"@id":"https:\/\/ticalotas.pt\/#\/schema\/logo\/image\/"},"sameAs":["https:\/\/www.facebook.com\/profile.php?id=61558178113987","https:\/\/www.instagram.com\/ticalotas2024"]}]}},"jetpack_publicize_connections":[],"jetpack_sharing_enabled":true,"jetpack_likes_enabled":true,"_links":{"self":[{"href":"https:\/\/ticalotas.pt\/index.php?rest_route=\/wp\/v2\/product\/6595","targetHints":{"allow":["GET"]}}],"collection":[{"href":"https:\/\/ticalotas.pt\/index.php?rest_route=\/wp\/v2\/product"}],"about":[{"href":"https:\/\/ticalotas.pt\/index.php?rest_route=\/wp\/v2\/types\/product"}],"replies":[{"embeddable":true,"href":"https:\/\/ticalotas.pt\/index.php?rest_route=%2Fwp%2Fv2%2Fcomments&post=6595"}],"wp:featuredmedia":[{"embeddable":true,"href":"https:\/\/ticalotas.pt\/index.php?rest_route=\/wp\/v2\/media\/9179"}],"wp:attachment":[{"href":"https:\/\/ticalotas.pt\/index.php?rest_route=%2Fwp%2Fv2%2Fmedia&parent=6595"}],"wp:term":[{"taxonomy":"product_brand","embeddable":true,"href":"https:\/\/ticalotas.pt\/index.php?rest_route=%2Fwp%2Fv2%2Fproduct_brand&post=6595"},{"taxonomy":"product_cat","embeddable":true,"href":"https:\/\/ticalotas.pt\/index.php?rest_route=%2Fwp%2Fv2%2Fproduct_cat&post=6595"},{"taxonomy":"product_tag","embeddable":true,"href":"https:\/\/ticalotas.pt\/index.php?rest_route=%2Fwp%2Fv2%2Fproduct_tag&post=6595"}],"curies":[{"name":"wp","href":"https:\/\/api.w.org\/{rel}","templated":true}]}}